Suppose 0 = 5*q - 4*g - 203, 5*q + 5159*g - 5156*g = 259. Calculate the greatest common factor of 5687 and q.
47
Suppose -883 = -7*k + 2*k - q, -4*k + 713 = 3*q. What is the greatest common divisor of 385 and k?
11
Let h(l) = 131*l + 43. Let q be h(4). What is the greatest common factor of q and 135?
27
Let n = -54 - -45. Let d(j) = -j**2 - 11*j - 4. Let g be d(n). Suppose 0 = o + 2*r + r - 103, 0 = -o - 2*r + 106. What is the greatest common factor of g and o?
14
Let b(x) = -x**2 + 4*x - 4. Let s be b(2). Let f be (96/(-10))/(45/(-750)) + s. What is the highest common factor of f and 5?
5
Let d(b) = -8*b + 16. Let c be d(5). Let k = -14 - c. Let a(s) = 3*s - 17. Let v be a(k). Calculate the highest common divisor of v and 65.
13
Suppose 530*h = 581*h - 2346. Let y = 6 + 40. Calculate the greatest common divisor of y and h.
46
Suppose -4*a - v + 1538 + 4096 = 0, -2822 = -2*a - 3*v. What is the highest common factor of 1672 and a?
88
Suppose k = 5*m + 108, 102*m = 99*m + 15. What is the highest common divisor of k and 168?
7
Suppose 0*t = 3*t - c - 3, -2*t + 5*c + 2 = 0. Let s be 5*(40/25 - t). Let j be s*-1 + 26 + -5. What is the highest common divisor of 126 and j?
18
Suppose -144 = -5*z - 4*q, 132 = 5*z - z - q. Let t = 84 - -172. Suppose -400 = -6*y - t. What is the greatest common factor of z and y?
8
Suppose -a = -5*k - 30, 5*a - 3*k + 5 = 67. Suppose -719 = a*d + 691. Let y = d + 241. What is the highest common factor of 40 and y?
20
Suppose -22*h + 17 = -4 - 529. Calculate the greatest common divisor of 390 and h.
5
Let n(l) = -l**2 - 27*l - 32. Let b be n(-16). What is the greatest common divisor of b and 558?
18
Suppose 5*m + 261 = -4*w, 2*w + 75 = -5*m - 188. Let y = m - -157. What is the greatest common factor of y and 26?
26
Let z = -8516 - -11188. What is the highest common divisor of 4 and z?
4
Suppose 4653 = 84*k - 4345 - 242. Calculate the highest common factor of 3410 and k.
110
Let f = -5521 + 5524. Let n = -40 + 70. What is the highest common factor of f and n?
3
Let u = 1453 - 1381. Calculate the highest common factor of u and 72.
72
Let r be (-47)/(-94) - ((-49276)/(-8))/(-1). Calculate the greatest common factor of 70 and r.
70
Suppose -99*i - 25944 = -193*i. What is the highest common factor of 24 and i?
12
Let s(n) = -n**2 + 29*n - 63. Let i(h) = h - 1. Let k(c) = -4*i(c) + s(c). Let w be k(17). Let j = w + -70. What is the greatest common factor of 105 and j?
7
Let c be (27/5)/((-756)/(-685440)). Calculate the highest common divisor of c and 4608.
288
Let j be 7 + 2 - (-2358)/18 - (0 + 7). What is the greatest common divisor of j and 1007?
19
Let g = 19552 + -12927. Calculate the highest common factor of 875 and g.
125
Suppose 17*h = 409 + 3756. What is the highest common divisor of 77 and h?
7
Let f(v) = -18*v + 17. Let g be f(-7). Let n(y) = 2*y**3 - 28*y**2 - 203*y - 10. Let l be n(-5). What is the highest common divisor of l and g?
11
Let w(a) = 113*a - 510. Let x be w(6). Calculate the greatest common divisor of x and 140.
28
Let l(u) be the second derivative of -u**5/10 - u**3/6 - u**2/2 + 5*u + 8. Let j be l(-1). What is the greatest common divisor of 3 and j?
1
Suppose 3*w - 8*w - 1105 = 0. Let m = -176 - w. What is the greatest common factor of m and 10?
5
Let c be -9*((-5)/((-225)/(-190)) - -4). Let q(a) = -10 - 8*a + 25 + 16 + 13*a. Let n be q(-5). What is the highest common divisor of c and n?
2
Let s(o) = 4*o - 1 - 2 - 37*o. Let k be s(-3). Let g = -42591 - -42615. Calculate the highest common factor of k and g.
24
Let i(x) = -1200*x + 8936. Let o be i(7). Calculate the greatest common factor of o and 26.
2
Let i(n) = n**2 + 3*n + 2. Let w be i(-5). Suppose 1482 = -q - 390. Let u be (4/(-2))/(39/q). What is the highest common divisor of w and u?
12
Let x be 12098/27 - ((-30184)/756 + 40). Calculate the greatest common factor of x and 2604.
28
Let s = 2238 + -1276. What is the greatest common factor of s and 26?
26
Let t(g) = g**2 + 9*g - 134. Let q be t(-18). Suppose 4*m + 71 = 5*b + 1084, 0 = -4*b - 4. What is the highest common divisor of m and q?
28
Suppose -16 = -i - 1. Let v be (-250)/20*(-5)/((-25)/(-2)). Suppose 93 = -2*c + v*j + 418, -j - 494 = -3*c. Calculate the greatest common divisor of c and i.
15
Suppose -3938*a + 312 = -3934*a. Calculate the highest common factor of 4056 and a.
78
Let p be 13/(-52) + 18/8. Let u(r) = 3*r + 76. Let a be u(17). Suppose -15 = 8*k - a. Calculate the greatest common divisor of p and k.
2
Suppose 6*a + 40 = 2*a. Let b(i) be the first derivative of -5*i**2/2 - 28*i + 2. Let s be b(a). What is the greatest common factor of 176 and s?
22
Suppose 2*s - 22 + 2 = p, -24 = -2*s + 3*p. Suppose -x + 1140 = s*x. What is the highest common factor of 6 and x?
6
Let q be ((-8)/(-20))/(6/30). Let x be (578 - 84)/(q*1). Calculate the highest common divisor of 39 and x.
13
Let c be 2/(-7) + (-24726)/(-546). Calculate the greatest common factor of 5 and c.
5
Let a = 11 + -22. Let f be (40/(-6))/(a/33). Let o be ((-2)/3)/(0 + (-2)/12). Calculate the highest common factor of f and o.
4
Let a be 3*(-20)/(-12) - (-105)/(-14)*-202. What is the highest common factor of a and 5?
5
Let l be 10/(-50)*-45 - -22. Let w = -174 + 329. What is the greatest common factor of l and w?
31
Let u = -814 - -1526. Let a = 901 - u. What is the highest common factor of 18 and a?
9
Suppose 6*h - 3*h = -w + 1786, 2*h - 1212 = 2*w. Let i be (12/(-15))/((-2)/65). Calculate the greatest common factor of h and i.
26
Let i = 5898 - 5578. Suppose 3*y = -0*y + 4*u + 172, -3*u = -4*y + 241. What is the greatest common factor of y and i?
64
Let g(r) be the third derivative of -r**4/24 + 377*r**3/6 - r**2 + 3. Let p be g(0). Calculate the greatest common factor of 29 and p.
29
Suppose 0 = 38*l - 42*l + p + 70, p - 38 = -2*l. Let s be (81/l - 3)*360/2. What is the highest common divisor of 10 and s?
10
Suppose 0*b + 2*b = 322. Suppose 8*u + 52 - 92 = 0. Let p(z) = -30*z + 173. Let f be p(u). What is the greatest common divisor of f and b?
23
Let o(g) = -10*g - 38. Let u be o(-4). Suppose 3*c - 2*c = u*j - 10, 0 = -j - 2*c + 15. Calculate the greatest common divisor of 21 and j.
7
Let h(s) = -s**2 - 10*s - 7. Let z be h(8). Let r = 110 - z. What is the highest common factor of 9 and r?
9
Let o be (51 + -49)/((-5)/(-840)). What is the highest common factor of o and 2592?
48
Let k = 10538 + -10278. What is the greatest common factor of k and 400?
20
Let m = -12133 - -12155. Calculate the greatest common factor of m and 104.
2
Let a = 139 + -94. Let w = -42 + a. Suppose -w*t + 73 - 7 = 0. What is the highest common divisor of 11 and t?
11
Let b(o) = -207*o + 117. Let r be b(-7). Suppose x + r = 1584. Calculate the greatest common factor of x and 234.
18
Let i(x) = x + 73. Let m = 102 - 115. Let t be i(m). Calculate the greatest common divisor of 45 and t.
15
Suppose 60*j - 63*j + 1788 = 0. Let x = j - 331. What is the greatest common divisor of x and 106?
53
Let y(c) = -3*c**3 + 13*c**2 + 105*c - 195. Let v be y(-7). Calculate the greatest common factor of 115 and v.
23
Suppose 3*n - 268 - 1100 = 0. What is the highest common factor of 722 and n?
38
Suppose 40*d - 13 = 19*d + 20*d. What is the greatest common factor of d and 11947?
13
Suppose -482 = -7*t + 547. Suppose -4*i + 0*i = x - 114, 5*i = x + t. Let d be i/(-2)*(2 - 4). Calculate the greatest common divisor of 29 and d.
29
Suppose 987*p - 990*p + 5*i = -110, -5*i - 70 = -2*p. Suppose 0 = -0*l + l - 30. What is the highest common divisor of p and l?
10
Suppose 1801 - 2442 = -49*i + 3328. Calculate the greatest common factor of 3987 and i.
9
Let r be (27 + -1)*(0 - -5). Suppose -u = v - 3*v - 31, -4*u + r = -5*v. Let m = -1 + 8. What is the greatest common divisor of u and m?
7
Suppose 2*w + g = -w - 2, -4*g - 19 = w. Let a be (w*3/2)/((-24)/(-176)). Calculate the greatest common factor of a and 209.
11
Suppose 0 = -22*q + 340*q - 20558 - 14422. Suppose -3*m = -7*m + 172. Suppose -4*w = -3*d + m - 1, -d + 1 = 3*w. Calculate the highest common factor of d and q.
10
Let x be 3164/35*(-5 + -5). Let s = -520 - x. What is the highest common divisor of s and 6?
6
Suppose 0 = 3*s - 5*b - 2055, 3*s + 52*b - 2055 = 53*b. What is the highest common divisor of s and 6439